- 694 - 10*d. Let b be y(-10). Calculate x(b).
6
Let i(u) = u**2 + 6*u - 5. Suppose 4*c = 28 + 108. Let f = c - -10. Let n = -50 + f. Give i(n).
-5
Let i = -345 - -342. Let n(r) = r**3 - 7*r**2 - 9*r + 7. Let o(c) = -c**3 + 6*c**2 + 8*c - 6. Let g(j) = i*o(j) - 2*n(j). Determine g(5).
-1
Let u = -16796 + 16788. Let i(w) = 5*w + 76. Determine i(u).
36
Let z(f) be the first derivative of f**4/4 + 7*f**3/3 - 5*f**2/2 + 4*f - 816. Determine z(-6).
70
Let x(h) be the first derivative of 4*h**3 + 3*h + 20. Let d(w) = 7*w**2 + 2. Let b(g) = -5*d(g) + 3*x(g). Calculate b(2).
3
Let l = -14540 - -14537. Let r(a) = 3*a + 18. Determine r(l).
9
Let a(k) be the second derivative of -k**3/6 - 3*k**2 - 75*k. Determine a(-1).
-5
Suppose -33*k - 912 = -17*k. Let j = -47 - k. Let s(i) = -i**3 + 11*i**2 - 6*i - 1. Calculate s(j).
39
Let d(a) be the first derivative of -1/2*a**2 - a + 31 - 2/3*a**3. Calculate d(-2).
-7
Suppose u = -a - 1, -a = -u - 3 + 10. Let i(g) be the second derivative of -55*g + 2*g**2 + g**3 + 0 + 1/20*g**5 + 5/12*g**4. What is i(a)?
-4
Suppose 7 = 72*z + 110 + 41. Let y(i) = -12*i - 36. What is y(z)?
-12
Let n(m) = 4*m**2 + 12*m + 24. Let c(q) = -q**2 - q + 2. Let s(p) = -5*c(p) - n(p). What is s(-3)?
-4
Let d(j) = -j + 10. Let g(s) = -s**2 + 32*s + 6. Let h = -65 - -97. Let t be g(h). What is d(t)?
4
Let a(k) be the second derivative of 0*k**2 - 14*k + 1/60*k**5 + 1/3*k**3 + 5/24*k**4 + 0. Let z(r) be the second derivative of a(r). Determine z(-6).
-7
Let y be 12/15*(-35)/(-42)*3. Suppose -11 = -5*z - 1. Let o(t) = -10*t**3 + 0*t - t**2 + t + 7*t**3 + z + 2*t**3. Determine o(y).
-8
Let x(t) = -t**3 - 8*t**2 - 3*t - 5. Let z = 1031 + -1039. Calculate x(z).
19
Let g(m) = 82*m + 10. Let o(b) = 131*b + 16. Let l(i) = -8*g(i) + 5*o(i). Suppose -18 - 2 = -2*j + x, -48 = -4*j + 4*x. Determine l(j).
-8
Let r(i) = -2*i**2 + 3*i. Let l(b) = -3*b + 4. Let u be l(-2). Let n(d) = -d**2 + 11*d - 15. Let t be n(u). Let s be 5/(t/1)*-4. What is r(s)?
-20
Let y(x) be the second derivative of 2*x**3/3 - 32*x**2 + 989*x. What is y(23)?
28
Let a(t) = -562*t + 1688. Let j be a(3). Let p(d) be the third derivative of -1/24*d**4 + 0*d + 22*d**j + 0 + 7/6*d**3. Determine p(6).
1
Let y(i) = -7*i**3 + i**2 + 2*i - 7. Let r(b) = 2*b**3 - b + 1. Let l(k) = -k**3 + 3*k**2 - 2*k + 5. Let c be l(3). Let g(o) = c*y(o) - 3*r(o). Calculate g(0).
4
Suppose 0 = -4*l - 3*m - 55, -4*m + 6 - 42 = 3*l. Let x = l + 19. Let w(t) = t**2 + 4*t - 5*t - x - 5*t - 4. Calculate w(6).
-7
Let l = -34 + 50. Let o(g) = -l*g - 1 + 4 - 2. Let k be ((-2)/(-10))/(3 - (-1376)/(-480)) - 6/12. Determine o(k).
-15
Suppose -12*h - 10*h = -3080. Suppose -14*m + h = 14. Let x(n) = n**3 - 8*n**2 - 5*n - 7. Calculate x(m).
29
Let o(x) = 3*x**2 + x + 1. Let v be o(2). Suppose -3*k - 4*r = 0, 4*k + 13 + v = 4*r. Let w(f) = f**3 + 5*f**2 + 3*f + 3. Give w(k).
7
Let h(n) = 3*n**2 - 2*n + 0*n**2 + 3 - 2*n**2. Let d be 10*(-106)/16 - 4/(-16). Let m = -64 - d. Give h(m).
3
Let h(t) = -35*t - 58. Let z(k) = 188*k + 288. Let p(d) = -11*h(d) - 2*z(d). Give p(-7).
-1
Suppose 32*h - 3*k - 25 = 27*h, 3*h - 15 = k. Let x(j) = 32*j - 152. Give x(h).
8
Let d(m) be the second derivative of m**4/12 + 7*m**3/6 - 2*m**2 + m. Let v = 58434 - 58438. Give d(v).
-16
Let l(t) be the first derivative of 5*t**3 - t**2 + 2*t + 16. Let u(w) = -16*w**2 + 2*w - 3. Let d(f) = 4*l(f) + 3*u(f). Determine d(-1).
13
Let j(t) = -3*t**3 + 25*t**2 - 4*t + 6. Let m(a) = -2*a**3 + 17*a**2 - 2*a + 4. Let q = -191 + 198. Let f(k) = q*m(k) - 5*j(k). Determine f(5).
3
Let j(l) be the second derivative of l**4/3 + 13*l**3/6 + 9*l**2 + 7925*l. Give j(-6).
84
Suppose 10 = -x + 4*w, 3*x = -4*w - 5 + 23. Let g(k) = -1 + 81*k**2 + x - 80*k**2. Let u be (0 - 0)/(2/2). Calculate g(u).
1
Suppose -2*g + 6 = -3*y, 251*y = 247*y + 4*g. Let l(b) = 2*b**3 + 11*b**2 + 3*b + 58. Determine l(y).
4
Let i(v) be the third derivative of -v**6/120 + 3*v**5/20 - 8*v**4/3 + 57*v**3 + 1717*v**2. Give i(7).
-8
Let t = -852 - -877. Suppose 8 = -t*l - 92. Let y(c) = -2*c**2 - 3*c - 3. Give y(l).
-23
Let g(p) be the second derivative of p**5/20 - p**4/6 - p**3 + 7*p**2/2 + 130*p. Suppose 5*i + h = 3*h + 25, -3*h = 15. What is g(i)?
-2
Let x be (6*6/(-30))/((-2)/50). Let f be x/12*(-24)/15. Let o(c) = c**2 + 7*c + 7. Let d(j) = 2*j**2 + 15*j + 15. Let g(p) = 2*d(p) - 5*o(p). Determine g(f).
-1
Let b(k) be the second derivative of 0 + 4/3*k**3 + 0*k**2 + 7*k. What is b(-3)?
-24
Let t be (459/5)/(6/(-20)). Let n = t + 302. Let d(l) = 6*l + 20. Let z(y) = 2*y + 7. Let i(p) = 2*d(p) - 7*z(p). Determine i(n).
-1
Let r(m) = m**3 - 39*m**2 - 128*m + 88. Let w be 1 - (5/40 - 5593/136). Calculate r(w).
4
Let b(y) = 3*y - 2. Let o = 133 - 131. Suppose 5*p = 3*p - o. Calculate b(p).
-5
Let q(s) = s**3 - 20 + 13 - s**2 - 4*s**3 - 3*s + 4*s**3. Let w be q(3). Let a(m) = 5*m - m**w - 2*m**3 + m**3 - 5 - 9 - 4*m. Calculate a(0).
-14
Let v = 489 + -485. Let t(z) = -162 + z**2 - 4*z + v*z + 164 - 2*z. What is t(-6)?
50
Let v(t) = 0 + t**2 + 2 + t + 1 - 6*t. Let d = -184 + 188. Determine v(d).
-1
Let c(o) = -25 - 27*o - 104141*o**2 + 208270*o**2 - 104131*o**2. What is c(-13)?
-12
Let i(l) = -l**3 - 5*l**2 + 6*l - 5. Let a(k) be the second derivative of -3*k**5/20 + k**4/6 + k**3/6 - 3*k**2 - 126*k. Let h be a(0). Give i(h).
-5
Let q(h) be the first derivative of 11*h - 1/2*h**2 + 125 + 1/3*h**3. Calculate q(0).
11
Let s(c) = -1000*c**2 + c**3 - 7 + 2994*c**2 + 8*c - 1000*c**2 - 1001*c**2. Let j(h) = -9*h**3 - h**2 + h + 1. Let m be j(-1). Let a = m - 2. What is s(a)?
5
Let v(a) = -a - 4. Let c be 6/(-14) - ((-354)/42 + 4). Suppose -8 = 2*k + c*d, -23*k + 3 = -24*k - 3*d. Give v(k).
2
Let q(w) = 7*w**3 - 2*w**2 - w + 4. Let o(f) = 15*f**3 - 4*f**2 - 2*f + 9. Suppose 3*a = p + 2*p + 3, p - 5*a - 19 = 0. Let j(i) = p*o(i) + 13*q(i). Give j(2).
-4
Let x(c) = -436 - 4*c + 148 + 99 + 131. What is x(-9)?
-22
Let p(l) be the third derivative of l**6/120 + l**5/30 - l**4/12 + 2*l**2. Let o(g) = -g**3 - 155*g**2 + 476*g + 313. Let u be o(-158). What is p(u)?
-3
Let b(q) = -q + 1. Let m be b(-6). Let n(y) = 0*y - 1 - m*y + 4*y. Calculate n(-6).
17
Let m(s) = 2*s**3 - 26*s**2 - 3*s + 36. Let v be (-16)/(-352)*11*26. Determine m(v).
-3
Let c(w) = -w**3 - 14*w**2 - 16*w - 9. Let t be c(-13). Let a = t + -36. Let k(s) = -4 - s - s - 4*s + 5*s. Determine k(a).
2
Let g(i) = 8*i**2 + 3 - 3*i**2 - 4*i**2 + 4*i. Let u be ((-4)/(-6))/(4/(-6)). Let l be g(u). Let v(o) = -o**3 - 7. Determine v(l).
-7
Let g(s) = 0*s + 1 - 3*s - 3*s. Suppose -f - f + 18 = 0, 1148*u = 1145*u - 3*f + 33. What is g(u)?
-11
Let n(b) be the first derivative of b**3/3 + 13*b**2/2 - 22*b - 7971. Give n(-8).
-62
Suppose 4*j = -5 + 13. Let t be (3/(-5))/((-8)/160). Let d(p) = -p**3 + 19 - p**2 - j*p - 6 - 4*p**2 - t. Determine d(-4).
-7
Suppose -85*q + 77*q - 128 = 0. Let g = -12 - q. Let x(a) = -2*a**2 + 6*a - 5. Determine x(g).
-13
Let z(v) = v**2 - 11*v - 3. Let k(f) = -5*f + 4 + 12*f + 6*f**2 - 7*f**2 + 4*f. Let j(o) = 5*k(o) + 4*z(o). Determine j(12).
-4
Let i(v) = v**2 + 8*v - 10. Let g = 2070 - 2078. Determine i(g).
-10
Let y(d) = -d**2 - 3*d + 33. Let p = 11148 + -11154. What is y(p)?
15
Let t(i) = -i**3 + 8*i**2 + i - 9. Suppose -7*o + 158 = 2181. Let z = o + 297. Give t(z).
-1
Let u(b) = 4*b - 36. Let v(p) = 2*p**2 + 25*p + 91. Let y be v(-7). Give u(y).
20
Let v(i) be the second derivative of i**5/20 - 3*i**4/4 + 7*i**3/6 + 8*i**2 - 2*i - 335. Determine v(8).
8
Let c(b) be the second derivative of -b**6/120 - b**5/6 - b**4/24 + 5*b**3/3 - 142*b**2 + 15*b + 3. Let v(l) be the first derivative of c(l). What is v(-10)?
20
Suppose 11 - 5 = 2*p, -w - 2*p = 3. Let d(a) = a**3 + 10*a**2 + 10*a - 8. Give d(w).
-17
Let t = 205 - 203. Let b(j) = -3 - 7*j**2 + 8*j**2 - 11 - t*j**2 + 14*j. Calculate b(12).
10
Let r(l) = 4 - 3 + 0 + 12*l. Suppose 1989*n = 151*n + 5514. Give r(n).
37
Suppose -19*l = 9*l - 56. Let b(c) = 9*c - 22*c + l*c + 1. Determine b(-3).
34
Let x(t) = t**2 - 34*t + 7. Let b(p) = -p**2 + 29*p - 6. Let d(u) = 6*b(u) + 5*x(u). Give d(5).
-6
Let m be (8/(-6))/(64/144). Let b(o) = -o**2 - 5*o - 8. Let n(w) = -w**2 - 4*w - 7. Let r = 11 - 16. Let p(u) = r*n(u) + 4*b(u). What is p(m)?
12
Let m(l) = -2*l**3 + 2*l**2 + 7*l + 3. Le